ue
Let h(g) = 12*g**3 + 11*g**2 - 3*g + 9. Let x(b) = 3*b**3 + b**2 - b - 1. Let n(m) = -h(m) + 3*x(m). Is n(-5) a prime number?
True
Let l(n) = n**3 + n**2 - 2*n + 2. Let c(a) = -a**2 + 12*a - 2. Let q be c(12). Let b be l(q). Is 7893/b + 0 + (-4)/(-8) composite?
False
Let t = 573 + -328. Let h = 988 - t. Is h a composite number?
False
Let n = -14077 - -65939. Is n a prime number?
False
Let q(b) = 4*b**2 - 27*b - 33. Let k be q(12). Suppose 0 = -k*j + 214*j + 38965. Is j a composite number?
False
Let i be 5/(-6) + (-1)/6 + 3. Suppose -5*g = i*m - g + 8, 10 = -m - 4*g. Is 4611/m*14/21 composite?
True
Let p = 301498 + -179434. Suppose -3*k = -7*k - 4*l + 162784, -p = -3*k + 5*l. Is k prime?
True
Let h(w) = 71032*w + 8267. Is h(6) composite?
False
Suppose 30*y = -17*y + 53439. Is y*(8/6 - 0 - 1) prime?
True
Suppose -41*w + 249232 = -37*w. Suppose 5*l = 3*u + 15795 - w, -15491 = -u + 5*l. Is u a prime number?
True
Let s(h) = h**3 + 18*h**2 - 6. Let k be s(-18). Let w be (k/(-14))/(3/21). Suppose p + 0*p = -w*a + 1052, 3*p = 3*a + 3192. Is p composite?
False
Suppose 16 = 2*l + 2*l. Is ((-3587)/1)/(-4 + l + -1) a composite number?
True
Is ((-2023188)/8 + 1)*(138/30 + -5) a composite number?
False
Suppose -3826316 = -12*k + 5143936. Is k composite?
False
Let c(z) = 15704*z**2 - 29*z + 6. Is c(1) composite?
True
Let z(w) = 1650*w + 39. Let h be z(-4). Let q = -4588 - h. Is q a composite number?
False
Suppose 4*t + 100 - 16 = 0. Let s be 2/(-3) - (-45955)/t. Let x = s + 3308. Is x a composite number?
True
Let i = 36 - 12. Let r be (1 - (-3)/(-2))*(20 - i). Suppose r*x - 23 = 347. Is x a prime number?
False
Let k(a) be the second derivative of 7/3*a**3 + 1/3*a**4 - a - 29/2*a**2 + 0. Is k(-17) a prime number?
False
Suppose 38*y = 34*y. Suppose y = -6*l + 14*l - 16424. Is l a prime number?
True
Let k = -4400 + 8653. Let n = 8636 + k. Suppose -7*c = 926 - n. Is c prime?
True
Suppose 3*g + 2*o = -o + 8121, 8115 = 3*g - 3*o. Let j be 9/(0 - (-2)/g). Suppose -5*i + j = 392. Is i a composite number?
False
Suppose -15*b = -18*b + 18039. Let c = -3474 + b. Is c a composite number?
False
Let q be ((-4)/(-12))/((-7)/(-42)). Let g(w) = 28 - 23 + q*w**3 + 8*w - 3*w**3 + w - 3*w**2. Is g(-6) composite?
False
Let o(c) = c**3 - 11*c**2 - 15*c - 8. Let v be o(12). Let d = v + 43. Is (9 + -260)*(0 + d) composite?
False
Suppose 6*s + 5*d = s + 325, -d = -3*s + 207. Suppose -l - 2*m - 18 = 0, 0*m = 5*l - m + s. Let k = l + 3309. Is k composite?
True
Let q = -8399 - -16752. Is q a prime number?
True
Suppose -5*u + 14*k = 17*k - 59653, -u = -2*k - 11941. Let d = u + -7372. Is d prime?
True
Let j = -2 + 4. Let u(s) = 16*s - 15. Let k be u(1). Is (k/j)/((-14)/(-1484)) composite?
False
Let c = 19 + -16. Let r(h) = 9 - c*h**2 - 3*h + 2*h + 3*h**3 - 4*h**3 + 4*h. Is r(-8) a composite number?
True
Let r(a) = a**3 - 21*a**2 - a + 25. Let t be r(21). Suppose -6*y = 5*l - 30601, -24481 = -t*l - 0*l - 5*y. Is l a prime number?
False
Let a = 74 + -17. Suppose a = -w + 4*w. Is w prime?
True
Let z = -9 + 15. Let h = 89 - 85. Suppose -530 = -z*j + h*j. Is j a composite number?
True
Is (-3 + (-10)/(-2) - 6) + 6383 composite?
False
Let a(c) = -c**3 - 2*c**2 - 2*c - 4. Let f be a(-3). Suppose 0 = f*d - 15*d - 24. Is d/(-4)*(-838)/(-3) a composite number?
False
Let t(l) = 33911*l - 68. Is t(5) composite?
True
Let g(s) = -41*s**3 - 10*s**2 + 3*s - 2. Let y be g(-5). Suppose -y = -11*q + 4525. Is q a composite number?
False
Suppose 0 = 5*g - 30, 5*g = 5*q - 4277 - 728. Is q a composite number?
True
Let l be (25 - (-180)/12)/(1/2). Suppose -27*g = -l*g + 44414. Is g a composite number?
True
Let r = -48783 - -71615. Let d = r - 11839. Is d prime?
True
Let f = -12 + 14. Suppose 346 = f*m - 4*x, 2*m + 3*x - 376 = x. Suppose -7*a = -m - 4976. Is a prime?
False
Let a(z) = -17*z**3 + 6*z**2 + 6*z + 130. Is a(-11) a prime number?
True
Let i(o) = 3288*o**3 - o**2 - o + 1. Let m be i(2). Is 3/((-4)/6 + m/39219) a prime number?
True
Suppose 0 = -3*l + 4*l + 8. Let y = l + 13. Is 3/(-6) + y*171/6 a composite number?
True
Let d = 38805 - 15308. Is d prime?
True
Suppose 0 = -13*f + 442718 + 1028739. Is f composite?
False
Suppose -9*m + 3*m = 12. Let l be m/(4 - 150/35). Suppose -2*b - 155 = -l*b. Is b a prime number?
True
Let h(d) = -41*d - 9. Let x(c) = 3*c**2 + 15*c - 2*c**2 + 4*c + 16 - 6*c. Let q be x(-11). Is h(q) prime?
False
Suppose 2*n - 22 = -s, n = -4*s + 14 + 4. Let z(v) = -9 + 4*v**3 - 6*v**2 - 11*v + 10*v - 3*v**3. Is z(n) a prime number?
False
Suppose 3*u - 38496 = -5*y, -2*u + 170*y + 25651 = 169*y. Is u composite?
True
Let v = -61 - -61. Suppose 2*d - 7*d - 1410 = v. Let p = d - -533. Is p a prime number?
True
Suppose 34*m - 87 = -3283. Let l = m + 428. Is l a composite number?
True
Let c = -382677 - -588284. Is c composite?
False
Let u(x) be the third derivative of 7*x**5/10 + 25*x**4/12 - 29*x**3/6 + 2*x**2 + 49*x. Is u(-16) a composite number?
False
Let c(v) = -4*v + 4. Let d be c(3). Let b be 444/(-16) - (-2)/d. Is (-4)/b - (-22080)/35 composite?
False
Let n(i) = i**3 + 17*i**2 + 17*i + 18. Let u = 7 - 23. Let r be n(u). Is 3/(9/483) - r a composite number?
True
Is (6 - -1) + 1106100/(52 + -22) a composite number?
False
Let y(x) = -x**3 + 6*x**2 - 2*x + 14. Let c be y(6). Let s = c - 2. Suppose -3*q + 3*w + 3777 = s, -q - w + 6*w + 1275 = 0. Is q a prime number?
False
Let w(n) = 1902*n**2 - 9*n + 160. Is w(-11) a prime number?
False
Let i be -1*((-2)/4)/(5/180). Suppose -11176 = -2*m - 3*h, 3*m = -16*h + i*h + 16777. Is m a prime number?
True
Is (-637)/(-273)*24/14 + 275960 + -1 a prime number?
True
Let c(x) = -x**2 + 5*x - 3. Let i be c(4). Suppose -8*f + s + 4 = -7*f, 4*f - 22 = -2*s. Suppose -2255 = -3*k - 2*z, -3*z - f = i. Is k a prime number?
False
Suppose -9*q = 3*p - 10*q - 53185, -4*p + 2*q + 70912 = 0. Is p prime?
True
Is 2243455/50 - (-2)/(-20) composite?
True
Suppose 0 = 5*p - 9*p + 16. Let q be -2 + 2 + -2 - -2. Suppose -4*n = -p*i + 1984, 2*i + q*n = 3*n + 995. Is i a composite number?
True
Let f = -174 - -177. Suppose -38578 + 11043 = -5*a - o, -a - f*o + 5507 = 0. Is a prime?
True
Let h = 323 + -329. Is 9/h*(-34294)/39 a composite number?
False
Suppose 18*k = 6*k - 9264. Let a = -381 - k. Suppose 633 = 2*y - x, 4*y + x - a = 878. Is y a prime number?
True
Let q = -693 - -698. Suppose 6*u + 4*r = 5*u + 10419, -q*r + 41698 = 4*u. Is u a prime number?
True
Let c = -18 + 20. Suppose -12521 = -s - c*p, 9 = 4*p + 1. Is s prime?
True
Let r(g) be the second derivative of 4451*g**4/12 - 5*g**3/3 + 83*g - 1. Is r(1) composite?
False
Suppose c - 1193 = -14. Let w = 308 - 946. Let f = c + w. Is f a composite number?
False
Let t(s) = -7317*s + 9097. Is t(-6) composite?
False
Is ((88/20 - 10/25) + 795481)/1 composite?
True
Let y(d) = -4*d**3 + d**2 + 4*d - 1. Let f be y(3). Let x(m) = m**2 - 9*m - 272. Let w be x(26). Let o = f + w. Is o a composite number?
True
Suppose -4*m + 4 = 0, -3*b + m + 2 = -3*m. Let w be (2 + 7)*341 - b. Suppose 56 = -v + w. Is v a prime number?
True
Suppose -7*j + 2*j = 3*d - 238334, 4*d - 47677 = -j. Is j a composite number?
True
Is 165/330*1/((-1)/(-2134)) composite?
True
Suppose 2*i = 4*i + r - 5611, i = 4*r + 2792. Let k = -1186 + i. Suppose -7*g - 120 + k = 0. Is g prime?
False
Let q(w) = 1853*w + 157. Let j be q(-8). Let l = 1366 - j. Is l a composite number?
False
Suppose 5*g = 3*u - 7 - 3, -2*u = 4*g - 36. Let k(h) = -2*h**2 - 21 + 52*h**2 - 6*h**2 + 3*h - 23*h**2 - 4*h**2. Is k(u) a prime number?
True
Let i(o) = -58*o + 57. Let g(z) = z**2 - 57*z + 57. Let t(j) = 3*g(j) - 2*i(j). Let c be t(30). Suppose 0 = -6*r + 4731 + c. Is r composite?
True
Suppose 18*k - 569997 = 602289. Suppose -175465 = -16*f + k. Is f composite?
True
Let l(r) = 7668*r - 25. Let f be l(4). Suppose 0 = 5*u - 4*z - f, 0 = z - 2. Is u a composite number?
False
Let c = 21538 + 4651. Is c a composite number?
False
Suppose 31*l - 10002585 = 16100471 - 5318455. Is l prime?
True
Let n = 77419 - 22880. Is n composite?
False
Let w(i) = -i + 9. Let a be w(-6). Suppose -5*j - 3*v - 4 = 0, -4*j + 2*v + 3 = a. Is (6 + j)*(-694)/(-4) prime?
False
Suppose p = -2*k + 3, -2*k + 13 = -2*p - 5. Suppose -k*d + 12 + 4 = 0. Suppose d*o = -4*o + 13256. Is o composite?
False
Let b(t) be the firs